)) + 6
12
Calculate -11 + (18 - 28) + 41.
20
(22 - -1) + (-42 - -27) - 1
7
Evaluate (-9 - -11) + (-35 - 0) + -764 + 774.
-23
Calculate -9 - (-54 + 14 + 9).
22
Evaluate 6 + (-3 - -15 - 0) + (-3 - 3).
12
What is the value of -13 + (6 + -11 - -17) + 14?
13
6 + 2 + -2 + (7 - (13 + -4))
4
Calculate 45 + (-7 + -8 - 10).
20
Calculate 10 - (-25 + 11 - -35).
-11
Calculate 8 + (-21 - -19 - -5).
11
What is -25 - (-20 - (6 + 2))?
3
17 + (0 - 3) - (-205 - -211)
8
Evaluate 9 - 6 - -7 - 11.
-1
Calculate -2 + 4 - -6 - (1 + 4) - 18.
-15
What is -3 - -18 - 20 - -14?
9
Evaluate -1 - (3 - -2) - (649 + -636).
-19
What is the value of -4 + -3 - (19 - 18)?
-8
33 - (-24 + 34 + 18)
5
What is the value of -14 + (27 - 14) + 9 + -1 + -1?
6
Calculate 87 - 102 - (-25 - 0).
10
Evaluate -35 + -5 - (4 - 38).
-6
What is -11 + 17 + -8 - 12?
-14
Evaluate (-38 - -17) + 16 - -20.
15
-3 - 1 - ((-98 - -49) + 48)
-3
What is 3 + 15 + 17 + -18?
17
(1 - 1) + -40 + (32 - 5)
-13
-1 + 6 - (-126 + 139)
-8
What is 9 + (-2 - (10 - 19)) + -6?
10
Evaluate (4 - (19 + 4)) + -5.
-24
What is (-4 - (6 + -8)) + -5 + 2 + -6?
-11
Evaluate (10 - 12) + 12 - -3.
13
Evaluate -4 + (-4 - (1 + -13)) + -7.
-3
What is the value of 38 + -2 + -4 - (34 - 27)?
25
Evaluate -19 + 43 + -18 - (1 + 0 - 8).
13
What is the value of 5 + 2 + -9 - 3?
-5
Calculate -2 - (5 - 4) - (-18 - (11 + 1)).
27
-9 + (11 - (-5 + 9)) - 6
-8
Evaluate -17 + (12 - -13) - (-1 - -6) - 5.
-2
What is (-19 - (1 - 27)) + -14?
-7
-4 + 1 - (1 + -4 + -15 + 11)
4
What is the value of -55 - -20 - -7 - -20?
-8
What is the value of (-9 - (33 + -10)) + 1 + (5 - -1)?
-25
What is -17 + -18 + 36 + -1 + 1?
1
What is the value of (-11 + 4 - -6) + (-1 - -7)?
5
What is the value of (-2 - -1) + (417 - 404)?
12
What is the value of -18 + -1 + (1 - -7) + 0?
-11
Evaluate 15 - (3 + 24 - -6).
-18
Calculate 12 + -7 - (34 - 31 - (-1 + 3)).
4
-6 - (-13 + 1 + 12)
-6
Calculate 10 + -28 + 1 + 21 - (-1 + -3).
8
Evaluate 37 - (-34 + 21) - (1 + 9) - 8.
32
What is the value of -6 + (-16 - (-8 - -6) - -13)?
-7
What is (-21 - (26 - 64)) + -14?
3
What is the value of -3 + 6 + 6 + -19 + 3?
-7
What is the value of 19 + -14 - (0 - -5) - (-10 - -15)?
-5
Evaluate -10 + -3 + 4 + (1 - -19).
11
What is 23 - (17 - (14 - -29) - -17)?
32
What is 2 + 0 - (6 - -4 - 7)?
-1
Evaluate (-47 - 1 - -68) + 8 + 0.
28
Calculate -6 + (-5 - (12 - 14)) + (20 - -1).
12
What is the value of -5 + -4 + 1 - (-19 + 27)?
-16
Calculate (44 - (37 + 14)) + (-11 - 1).
-19
Evaluate (-3 - 1) + 4 - (-34 + 13 - -15).
6
Calculate 12 + (-1 - 20) + 19 + (-31 - 10).
-31
What is the value of 1 + 4 + -2 + (-17 - -12) + 6?
4
Evaluate -1 + (8 - (2 + 1) - -2) + 8.
14
Evaluate (6 - 10) + -2 + -2 + 10.
2
What is -9 - (9 + -1 - (13 + -5))?
-9
-11 - (-5 + 15 - 20) - -1
0
Evaluate 14 + (-10 - 10) + 5.
-1
Evaluate -10 + 2 - (10 + 11 + -16).
-13
Calculate 7 - (4 + -1) - ((11 - 3) + 13).
-17
Calculate 2 + (-14 - -3 - -17) - (21 - -1).
-14
Calculate 18 - (22 + 6 + -22).
12
What is 731 - 743 - (-19 - -2)?
5
Calculate -26 + -17 - (5 + -22).
-26
What is the value of (6 - 8) + 9 + (-12 - 3)?
-8
What is -2 + 4 + (-6 - -5 - 2) - -6?
5
What is (-4 - -33) + (403 - 414)?
18
What is 7 + -55 - (-68 + 18)?
2
What is -5 + -5 + (8 - 5 - -4) - 2?
-5
-22 + (-4 + 14 + -3 - 1)
-16
Evaluate 5 + -11 + (-22 - -34) + (1 - -4).
11
10 + -13 - -3 - (-2 + 2) - 2
-2
(-1 - -32) + 158 + -204
-15
Calculate 2 - (37 - (35 + -13)).
-13
Evaluate 184 - 187 - ((0 + -2 - -1) + 6).
-8
Evaluate 9 - 2 - (21 + -24) - 4 - 1.
5
Calculate (14 - (23 + 25)) + 16.
-18
Evaluate 1 + -8 + (-3 - 1 - -5) + 12.
6
4 + (6 - (3 + -2) - 14)
-5
What is (-6 + -10 + 10 - -1) + (-1 - 6)?
-12
What is the value of -1226 + 1223 + (0 - -14)?
11
What is 20 - (-1 + 3 - (4 + -1 + 1))?
22
-28 + 61 + -35 + -2 + 13 - -2
11
Evaluate 0 - -6 - (-117 - -127).
-4
What is the value of -38 + 11 + 2 - -21?
-4
Calculate -1 + -33 - (-1196 + 1140).
22
(-13 + 0 - -4) + (-5 - (4 + -13))
-5
Calculate -5 + 118 + -106 + (1 + -6 - -2).
4
What is the value of -89 - (-33 - -77 - 93)?
-40
(23 - 31) + -1 + 20
11
Evaluate 1 + -4 + (-47 + 37 - (1 - 39)).
25
What is (-1 - -10) + (2 - -1) + -29?
-17
What is -14 - ((-19 - -38) + -16)?
-17
What is the value of 0 - 19 - (-42 + 10 + 24)?
-11
What is (16 - 11 - 40) + 54?
19
Evaluate -7 + -10 + 7 + -3 + 37.
24
What is the value of 3 - ((-3 - -1) + -25 + -5 + 32)?
3
Calculate 27 - (-1 - (-17 + (-5 - -28))).
34
-4 + (-9 + 7 - -6 - 12)
-12
What is the value of (0 - -8) + -235 + 232 - 22?
-17
What is the value of -7 - ((-2 - 0) + 2) - (40 + -47)?
0
Calculate -4 + (1 + 5 - 1) + 196 + -207.
-10
8 + (2 - 9 - 4)
-3
Evaluate -9 + 2 + 5 + -6 + 0.
-8
Evaluate (6 - (2 - 5)) + -3 + (-2 - -4).
8
Evaluate -10 - 1 - (16 - (12 - 1) - -2).
-18
What is (-6 - -2 - (-12 - -2)) + (-3 - -8)?
11
What is 0 - (0 + 12) - (-1 - 10 - -15)?
-16
Calculate (-1 - 1) + 1 + 23 + 30069 + -30081.
10
Calculate 9 - (27 - (-7 + 7)).
-18
Evaluate -14 + (3 - (3 + (5 - 11))) - 2.
-10
Evaluate (156 - 151) + -1 + 1 - 29.
-24
-12 + 1 + 11 + 0 + -10
-10
-318 - -353 - (51 + 1)
-17
23 + 1 + -13 + (-16 - -26)
21
What is (-3 - -2) + 6 - 1 - 4?
0
What is the value of (6 - (7 - (-8 + 7 - 22))) + 7?
-17
What is the value of 125 + -128 - (-2 - 1)?
0
What is the value of (59 - (-7 + 35)) + 2 + -2?
31
What is 186 + -147 + (1 - 60)?
-20
What is -6 - (0 + -5 + (5 - 5))?
-1
Calculate 27 - (48 + -19 + -6).
4
(5 - 9 - (1 + -7)) + -15
-13
What is the value of 3 - (10 + (12 - 12) - -4)?
-11
What is -10 - -1 - (6 + -6 + -56 + 60)?
-13
What is 10 + -10 + 2 + -3 + 1?
0
What is -49 + 12 + -17 + 29?
-25
Evaluate 14 + 13 + -7 + -6 + -9.
5
What is the value of -30 - (13 + (-18 - 15))?
-10
Calculate (3 - (1 - -6)) + (94 - 79).
11
5 - ((1 - (-2 + 0)) + (26 - 30))
6
Calculate (-13 - -15) + (-5 - 3) + -7.
-13
Calculate -4 + (1 - 4) + (29 - 12) + -13.
-3
What is the value of (20 - (3 + (0 - 4 - -6))) + 0?
15
What is (38 - 42) + -6 + 1 + 5 + -2?
-6
Evaluate -2 - 1 - 1 - (58 - 66).
4
(0 - -9) + (-98 - -36 - -52)
-1
53 + (-7 - 22) + -7
17
Calculate (75 - 80) + (4 - (0 - 1)).
0
Evaluate 5 - -1 - (9 - (4 + -5 + 3)).
-1
What is the value of 11 - (15 + 14 + -7) - -27?
16
What is the value of (7 - (-5 - 13)) + -9?
16
What is the value of 17 - ((40 - 30) + -22 + 0)?
29
What is -6 + (0 + -7 - (-23 + 14)) + 7?
3
-37 + 1 + (37 - -11 - 35)
-23
What is (-13 - -21 - -34) + (-2 - 10)?
30
What is the value of 7 + -13 + 0 + (-12 - -27) - -7?
16
What is ((7 - 10) + 6 - 3) + -1?
-1
Calculate -5 + -16 - (-9 - -1).
-13
Calculate -15 - (9 - 1 - (12 + 13 + -22)).
-20
What is the value of 0 + -7 + 3 + (-2 - -21)?
15
18 + 0 - (-47 - -55)
10
What is -24 + 7 - (-3 + -24)?
10
What is 2 - (4 + -28 + 24)?
2
What is -7 + 0 + -2 + 11 - -7?
9
17 + 15 - (31 + -14) - (-3 - -2)
16
Calculate -3 + 17 + (-30 - -51).
35
-15 + -20 + 5 + 39
9
(2 - (-6 + 1) - 4) + (34 - 28)
9
What is the value of -81 - -67 - (7 + -7)?
-14
-202 + 209 - (2 + -4)
9
-40 + 28 + 32 - 37
-17
Calculate (-7 - (4 + -14)) + -8.
-5
What is -2 - (-24 - -25 - (2 + -5))?
-6
Evaluate -11 - (-64 + 26 + (11 - 0)).
16
-2 - 7 - (-1 - -4)
-12
What is the value of -11 + 16 + -2 + (-9 - -3)?
-3
What is the value of -10 + (5 - (10 + -1)) - -4?
-10
-4 + -1 - (-3 + 22 - 27)
3
What is the value of (-6 - -2) + -8 + 40?
28
Evaluate -3 + -4 + 6 + -7 + 18.
10
9 + (13 - (44 - 17))
-5
12 + (-21 - (-12 + 1)) + (-21 - -1)
-18
Calculate 323 + -290 - (29 - 1).
5
What is the value of (-16 - (3 - 1)) + 2 - (-30 - -25)?
-11
Evaluate -4 + 4 - ((5 - 9) + 4 + -6).
6
What is -20 - (-58 + 20) - -15?
33
What is -544 + 543 + 17 + 1?
17
Evaluate 5 + 10 + 5 - (-5 - -8 - 7).
24
What is the value of -4 + 24 + -1 + -7 + -2 + -1?
9
19 + 21 + (-14 - 21)
5
Evaluate (-2 + 18 - (47 - 23)) + 18.
10
Evaluate 5 - 4 - (-10 + 5) - 7.
-1
-5 + (17 - (-11 - -12))
11
What is 10 - 1 - (-32 - (-16 - 43))?
-18
Evaluate -26 + 1 + (-1 - -11) + -8 + -2.
-25
-6 - ((-1 - 25) + (24 + -11 - 13))
20
What is the value of (11 - (7 + 7)) + -10 + 2 + 3?
-8
-4 - (5 + (-2 + 3 - 14) + 6)
-2
What is the value of 1 - (10 + (-3 - 10))?
4
Evaluate (0 - -8) + 52 + -48 + -31.
-19
18 + (-12 - -2) - (-3 + 5 - -1)
5
Calculate (0 - (1 + -16)) + 49 + (-52 - -11).
23
Evaluate (-5 + (26 - 10) - -9) + 3.
23
Calculate (38 - 11) + -57 + 22.
-8
What is the value of -17 + (-4 - -11) + 9 + 5?
4
-3 + -2 - (-104 + 94)
5
W